4
Suppose -11*i = -192 + 71. Suppose 12*j = i*j + 360. What is the highest common factor of j and 144?
72
Suppose -2159 = 66*r - 21101. What is the greatest common divisor of r and 1517?
41
Suppose 720 = -0*x + 48*x. Calculate the greatest common factor of 60 and x.
15
Suppose 50 = -5*i + 10*i + 5*g, -5 = 3*i - 4*g. Let v(q) = -q - 3. Let t be v(-5). Let m be (t/(-4))/(1/(-2)). What is the greatest common factor of m and i?
1
Let p be 48/27 - 2 - 112/(-18). Suppose -4*j = -p*j + 12. Let x be (4 - -11)*4/10. Calculate the greatest common factor of j and x.
6
Let o = -496 + 686. Calculate the highest common factor of 10735 and o.
95
Suppose v = -3*o + 27, -v - 5*o + 6 = -27. Suppose -16*j + 2 = v. Let i be j + (-4 + -8)/(-4). What is the greatest common divisor of i and 11?
1
Let j be 4*(-39)/(-26) + -6 + 9/3. Calculate the greatest common divisor of 57 and j.
3
Let p(o) = 2*o**2 + 32*o + 346. Let k be p(-17). What is the greatest common divisor of 285 and k?
95
Let v(o) = 487*o - 55 + 526*o - 1043*o. Let f be v(-5). Let t(k) = 37*k + 1. Let i be t(1). What is the greatest common factor of f and i?
19
Suppose -79*t + 67*t = -14064. Suppose 20*q + t = 9172. Calculate the highest common factor of q and 75.
25
Let d be (3/(-2))/(3/(1*-42)). Let j be d/147 - (-4548)/14. What is the highest common factor of j and 65?
65
Let x = 86 - 81. Let t be -1*(-3 - 6/3*x). Calculate the greatest common factor of t and 39.
13
Let v(g) = 73*g**3 + g**2 - 5*g - 5. Let r be v(-1). Let s = 120 + r. Calculate the greatest common factor of 60 and s.
12
Let h = -9889 - -14285. What is the highest common divisor of 42 and h?
14
Let k = 19 - -176. Let t = -177 + k. Calculate the highest common factor of 198 and t.
18
Let p = -27376 - -27389. Let w(m) = 3*m + 1. Let b be w(4). Calculate the highest common divisor of p and b.
13
Suppose 0*q + 2 = 2*q. Suppose -3 + q = -f. Suppose -3*h = -3*v + 30, f*v + 2*h - 28 = -0*h. What is the highest common factor of 12 and v?
12
Let o = 763 + -1302. Let w be (-1 + 73)*o/(-98). What is the greatest common factor of 44 and w?
44
Suppose -72 = -4*b - 56. Suppose -5*m + 3*m + b = 0. Let v be ((-22)/(-3))/(m/9). Calculate the greatest common factor of v and 11.
11
Suppose -288491 - 80978 - 93501 = -335*m. What is the highest common factor of 2 and m?
2
Let x(y) = 7*y**2 + y. Let w be x(1). Let m = w + -7. Let v be 18/4*228/18 - m. Calculate the highest common factor of 28 and v.
28
Let r = -3042 + 3346. Calculate the greatest common factor of 57 and r.
19
Let r = -13223 + 13262. Calculate the greatest common divisor of 12246 and r.
39
Let f be (-3)/4*-16*(-21)/(-18). Calculate the greatest common divisor of f and 32662.
14
Let t(i) = -10*i - 15*i + 12*i - 51. Let a be t(-7). What is the highest common divisor of a and 120?
40
Let c(x) = -17*x - 105. Let u be c(-7). Suppose -524 = -3*f - f + 5*n, f - 5*n = 146. What is the greatest common factor of u and f?
14
Let b = 396 + 547. Suppose 5*i = 46*i - b. Calculate the highest common factor of i and 1.
1
Let h(s) = s**3 - 6*s**2 + 4*s + 17. Let a be 6/2 + 7/(-7) + 3. Let p be h(a). Let d be (850/30)/(2/p). What is the highest common divisor of 68 and d?
34
Let c = 323 + -321. Suppose -t - c*t = 4*u - 16, -15 = u - 4*t. What is the greatest common factor of u and 11?
1
Let j be ((-208)/(-28))/((-7)/(-147)). What is the highest common factor of j and 6604?
52
Let d = 11307 + -10997. What is the highest common factor of d and 240?
10
Let i be -1 + (-1)/(-2) + (-12688)/(-32). Suppose n = s - 99, 99 = s - 0*s + 5*n. Calculate the greatest common divisor of s and i.
99
Let o = 751 + -499. Let g be 3/(-15)*189*(-195)/117. Calculate the greatest common factor of o and g.
63
Let w = -160 - -155. Let b be w/2 - 1215/(-18). What is the highest common factor of 39 and b?
13
Let v be (1040/(-16))/(4 + 12/(-4) - 2). Calculate the highest common factor of 1235 and v.
65
Let t = 184 + -126. Let y = t - -8. Suppose 8*a = 5*a + y. What is the highest common factor of 11 and a?
11
Let f be (-44 + 39)*(-4)/10. Suppose -u - g + f*g = -42, -2*g - 45 = -u. What is the highest common factor of 104 and u?
13
Let p = -51528 - -51710. Let j be (-3)/(-1 + 50/52). What is the greatest common factor of j and p?
26
Let z be 12/9 - (-100)/(-12). Let n be (-5 - z)*(-2)/(-2). Suppose -12 = -4*g + n*g. What is the greatest common divisor of g and 2?
2
Let w be ((-1250)/275)/(-25) + (-526)/(-11). Calculate the highest common factor of 1424 and w.
16
Let o = 151 - 61. Suppose 2*q - 138 = -5*i, -i = -33*q + 31*q + 102. What is the greatest common factor of o and q?
18
Let m = 233 + 309. Let s = m + -464. What is the highest common divisor of 117 and s?
39
Suppose -x - 774 = -4*v - 1568, 2*x - 1516 = -4*v. What is the highest common factor of x and 630?
70
Let j(z) = 141*z**2 + 4*z + 2. Let c be j(-2). Suppose -3*l = 4*q - 396, -4*l + 239 = -q - 251. Calculate the highest common factor of c and l.
62
Let r(l) = 52*l + 112. Let v be r(6). Suppose v*t + 84 = 431*t. What is the greatest common factor of t and 52?
4
Let c(w) = -w**3 - 2*w**2 + 75*w - 7. Let l be c(7). What is the greatest common factor of l and 343?
7
Suppose 1122 - 1509 = -18*h + 1503. What is the highest common divisor of h and 50?
5
Let o(p) = -p**3 + 8*p**2 + 61*p - 39. Let i be o(13). Let c = 63 - 91. Let f = c - i. Calculate the greatest common factor of f and 18.
9
Let q(f) = 11*f**2 - 8*f + 12. Suppose -4*j + 5*a + 1 = 13, 0 = -3*j - a + 10. Let w be q(j). What is the highest common factor of 10 and w?
10
Let i(l) = 209*l - 10. Let s be i(2). Suppose -4*r - 4*y + 100 = 0, 4*r - 122 = -r - 2*y. What is the greatest common divisor of s and r?
24
Suppose -96 = -b - 70*p + 75*p, 4 = 2*p. Let y = b - -20. Calculate the highest common divisor of y and 140.
14
Let f = -237 + 417. Suppose -497 = -2*h + 4*t + 91, 291 = h - 3*t. What is the greatest common divisor of h and f?
60
Let m(p) = -2*p + 67. Let c be m(3). Suppose -775 = -4*b - 287. Calculate the greatest common factor of c and b.
61
Suppose -4*k + 4*a + 172 = -36, 150 = 3*k + 3*a. What is the greatest common divisor of 33 and k?
3
Let h be (-23)/69 - 1194/(-18). What is the highest common factor of h and 1870?
22
Suppose 62*b + 35241 - 1222727 = 0. What is the greatest common divisor of 107 and b?
107
Suppose 2*f - w = 1429, 710 = f + 196*w - 192*w. Calculate the greatest common divisor of f and 1326.
102
Suppose 9*j + 1013 + 418 = 0. Let y = j + 177. Let u be -3 - 2/(6/(-15)). Calculate the greatest common divisor of u and y.
2
Suppose 27 = -0*v + v - c, -2*c - 6 = 0. Let p = 56 - 54. Suppose 4*x - 576 = -p*x. What is the highest common factor of x and v?
24
Let x be 4/(((-4)/(-22))/((-19)/(-209))). Let i be ((-1)/(x/(-56)))/((-8)/(-16)). Calculate the highest common divisor of i and 35.
7
Let u be 3*7/((-336)/(-138944)). Calculate the greatest common factor of u and 52.
52
Suppose -5*r + 5 = 5*f - 0*f, r + 2 = -2*f. Let k = 34 + 34. Calculate the highest common divisor of r and k.
4
Let v = 2003 - -1253. What is the greatest common divisor of 176 and v?
88
Let g = 2553 + -1743. Let q = g + -720. What is the highest common factor of q and 315?
45
Let t(d) be the first derivative of -2*d**3/3 + 65*d**2/2 + 60*d - 14. Let n be t(32). What is the highest common divisor of n and 4?
4
Let p be 30/(-540) + 22684/72. Calculate the highest common factor of p and 2385.
45
Let g(p) = -104*p + 16. Let b be g(6). Let i = b + 997. Suppose -4*q - 3*f + i = -2*f, 172 = 2*q - 4*f. Calculate the greatest common divisor of 16 and q.
16
Let d(j) = -7*j + 338. Let b be d(49). Let v be (b - 2*(-76)/16)*84. What is the highest common factor of 108 and v?
54
Let m = 864 + -504. Let d = 388 - m. Calculate the greatest common factor of d and 812.
28
Let c = 4042 + -3778. Suppose 2*v - 93 = 39. What is the highest common factor of v and c?
66
Let w = -556 - -309. Let p = w - -670. What is the highest common divisor of p and 47?
47
Suppose 64*i = 19*i + 85905. What is the highest common factor of i and 23?
23
Suppose -2*t - u = -896, u - 892 = -2*t - u. Suppose i + 709 = 3*c + 5*i, 3*i + t = 2*c. Calculate the highest common factor of c and 33.
33
Let z(o) = 133*o - 635. Let m be z(5). What is the greatest common divisor of m and